[INFO] cloning repository https://github.com/sigvartmh/smh-tcp
[INFO] running `Command { std: "git" "-c" "credential.helper=" "-c" "credential.helper=/workspace/cargo-home/bin/git-credential-null" "clone" "--bare" "https://github.com/sigvartmh/smh-tcp" "/workspace/cache/git-repos/https%3A%2F%2Fgithub.com%2Fsigvartmh%2Fsmh-tcp", kill_on_drop: false }`
[INFO] [stderr] Cloning into bare repository '/workspace/cache/git-repos/https%3A%2F%2Fgithub.com%2Fsigvartmh%2Fsmh-tcp'...
[INFO] running `Command { std: "git" "rev-parse" "HEAD", kill_on_drop: false }`
[INFO] [stdout] ec43af1b0f9708ce81eee50b774b4fa9ab08358d
[INFO] checking sigvartmh/smh-tcp against try#72f88fc4e9458f89516a0b8b0868f3718aec5b47 for pr-74989
[INFO] running `Command { std: "git" "clone" "/workspace/cache/git-repos/https%3A%2F%2Fgithub.com%2Fsigvartmh%2Fsmh-tcp" "/workspace/builds/worker-10/source", kill_on_drop: false }`
[INFO] [stderr] Cloning into '/workspace/builds/worker-10/source'...
[INFO] [stderr] done.
[INFO] validating manifest of git repo https://github.com/sigvartmh/smh-tcp on toolchain 72f88fc4e9458f89516a0b8b0868f3718aec5b47
[INFO] running `Command { std: "/workspace/cargo-home/bin/cargo" "+72f88fc4e9458f89516a0b8b0868f3718aec5b47" "read-manifest" "--manifest-path" "Cargo.toml", kill_on_drop: false }`
[INFO] started tweaking git repo https://github.com/sigvartmh/smh-tcp
[INFO] finished tweaking git repo https://github.com/sigvartmh/smh-tcp
[INFO] tweaked toml for git repo https://github.com/sigvartmh/smh-tcp written to /workspace/builds/worker-10/source/Cargo.toml
[INFO] crate git repo https://github.com/sigvartmh/smh-tcp already has a lockfile, it will not be regenerated
[INFO] running `Command { std: "/workspace/cargo-home/bin/cargo" "+72f88fc4e9458f89516a0b8b0868f3718aec5b47" "fetch" "--locked" "--manifest-path" "Cargo.toml", kill_on_drop: false }`
[INFO] [stderr] error: the lock file /workspace/builds/worker-10/source/Cargo.lock needs to be updated but --locked was passed to prevent this
[INFO] [stderr] If you want to try to generate the lock file without accessing the network, use the --offline flag.
[INFO] the lockfile is outdated, regenerating it
[INFO] running `Command { std: "/workspace/cargo-home/bin/cargo" "+72f88fc4e9458f89516a0b8b0868f3718aec5b47" "generate-lockfile" "--manifest-path" "Cargo.toml" "-Zno-index-update", kill_on_drop: false }`
[INFO] running `Command { std: "/workspace/cargo-home/bin/cargo" "+72f88fc4e9458f89516a0b8b0868f3718aec5b47" "fetch" "--locked" "--manifest-path" "Cargo.toml", kill_on_drop: false }`
[INFO] [stderr]  Downloading crates ...
[INFO] [stderr]   Downloaded tun-tap v0.1.2
[INFO] running `Command { std: "docker" "create" "-v" "/var/lib/crater-agent-workspace/builds/worker-10/target:/opt/rustwide/target:rw,Z" "-v" "/var/lib/crater-agent-workspace/builds/worker-10/source:/opt/rustwide/workdir:ro,Z" "-v" "/var/lib/crater-agent-workspace/cargo-home:/opt/rustwide/cargo-home:ro,Z" "-v" "/var/lib/crater-agent-workspace/rustup-home:/opt/rustwide/rustup-home:ro,Z" "-e" "SOURCE_DIR=/opt/rustwide/workdir" "-e" "CARGO_TARGET_DIR=/opt/rustwide/target" "-e" "CARGO_HOME=/opt/rustwide/cargo-home" "-e" "RUSTUP_HOME=/opt/rustwide/rustup-home" "-w" "/opt/rustwide/workdir" "-m" "1610612736" "--user" "0:0" "--network" "none" "rustops/crates-build-env@sha256:d92eaeed33fa75130ca1ee6c8a01d1ffb62bac859dfdfb3450e3e5d1c0146529" "/opt/rustwide/cargo-home/bin/cargo" "+72f88fc4e9458f89516a0b8b0868f3718aec5b47" "metadata" "--no-deps" "--format-version=1", kill_on_drop: false }`
[INFO] [stdout] df11e4d41d30d6a38bfbc6b0a86441ca6f0986c64e79952381b711eb3e113b24
[INFO] [stderr] WARNING: Your kernel does not support swap limit capabilities or the cgroup is not mounted. Memory limited without swap.
[INFO] running `Command { std: "docker" "start" "-a" "df11e4d41d30d6a38bfbc6b0a86441ca6f0986c64e79952381b711eb3e113b24", kill_on_drop: false }`
[INFO] running `Command { std: "docker" "inspect" "df11e4d41d30d6a38bfbc6b0a86441ca6f0986c64e79952381b711eb3e113b24", kill_on_drop: false }`
[INFO] running `Command { std: "docker" "rm" "-f" "df11e4d41d30d6a38bfbc6b0a86441ca6f0986c64e79952381b711eb3e113b24", kill_on_drop: false }`
[INFO] [stdout] df11e4d41d30d6a38bfbc6b0a86441ca6f0986c64e79952381b711eb3e113b24
[INFO] running `Command { std: "docker" "create" "-v" "/var/lib/crater-agent-workspace/builds/worker-10/target:/opt/rustwide/target:rw,Z" "-v" "/var/lib/crater-agent-workspace/builds/worker-10/source:/opt/rustwide/workdir:ro,Z" "-v" "/var/lib/crater-agent-workspace/cargo-home:/opt/rustwide/cargo-home:ro,Z" "-v" "/var/lib/crater-agent-workspace/rustup-home:/opt/rustwide/rustup-home:ro,Z" "-e" "SOURCE_DIR=/opt/rustwide/workdir" "-e" "CARGO_TARGET_DIR=/opt/rustwide/target" "-e" "CARGO_INCREMENTAL=0" "-e" "RUST_BACKTRACE=full" "-e" "RUSTFLAGS=--cap-lints=forbid" "-e" "CARGO_HOME=/opt/rustwide/cargo-home" "-e" "RUSTUP_HOME=/opt/rustwide/rustup-home" "-w" "/opt/rustwide/workdir" "-m" "1610612736" "--user" "0:0" "--network" "none" "rustops/crates-build-env@sha256:d92eaeed33fa75130ca1ee6c8a01d1ffb62bac859dfdfb3450e3e5d1c0146529" "/opt/rustwide/cargo-home/bin/cargo" "+72f88fc4e9458f89516a0b8b0868f3718aec5b47" "check" "--frozen" "--all" "--all-targets" "--message-format=json", kill_on_drop: false }`
[INFO] [stdout] 74d6def8a5096a763aba3e6e2e4c978e9679b4c5cd3edc225303a12025b69cda
[INFO] [stderr] WARNING: Your kernel does not support swap limit capabilities or the cgroup is not mounted. Memory limited without swap.
[INFO] running `Command { std: "docker" "start" "-a" "74d6def8a5096a763aba3e6e2e4c978e9679b4c5cd3edc225303a12025b69cda", kill_on_drop: false }`
[INFO] [stderr]    Compiling log v0.4.11
[INFO] [stderr]     Checking scopeguard v1.1.0
[INFO] [stderr]    Compiling cc v1.0.59
[INFO] [stderr]     Checking scoped-tls v0.1.2
[INFO] [stderr]    Compiling memoffset v0.5.5
[INFO] [stderr]    Compiling crossbeam-epoch v0.8.2
[INFO] [stderr]     Checking tokio-sync v0.1.8
[INFO] [stderr]     Checking smallvec v0.6.13
[INFO] [stderr]     Checking tokio-executor v0.1.10
[INFO] [stderr]     Checking crossbeam-queue v0.2.3
[INFO] [stderr]    Compiling parking_lot_core v0.6.2
[INFO] [stderr]    Compiling parking_lot v0.9.0
[INFO] [stderr]     Checking bytes v0.4.12
[INFO] [stderr]     Checking lock_api v0.3.4
[INFO] [stderr]     Checking tokio-timer v0.2.13
[INFO] [stderr]     Checking tokio-current-thread v0.1.7
[INFO] [stderr]     Checking mio v0.6.22
[INFO] [stderr]     Checking tokio-io v0.1.13
[INFO] [stderr]     Checking crossbeam-deque v0.7.3
[INFO] [stderr]    Compiling tun-tap v0.1.2
[INFO] [stderr]     Checking tokio-threadpool v0.1.18
[INFO] [stderr]     Checking tokio-codec v0.1.2
[INFO] [stderr]     Checking tokio-reactor v0.1.12
[INFO] [stderr]     Checking mio-uds v0.6.8
[INFO] [stderr]     Checking tokio-fs v0.1.7
[INFO] [stderr]     Checking tokio-udp v0.1.6
[INFO] [stderr]     Checking tokio-uds v0.2.7
[INFO] [stderr]     Checking tokio-tcp v0.1.4
[INFO] [stderr]     Checking tokio v0.1.22
[INFO] [stderr]     Checking tokio-core v0.1.17
[INFO] [stderr]     Checking smh-tcp v0.1.0 (/opt/rustwide/workdir)
[INFO] [stdout] error[E0433]: failed to resolve: could not find `iface` in `tun_tap`
[INFO] [stdout]  --> src/main.rs:4:24
[INFO] [stdout]   |
[INFO] [stdout] 4 |     let nic = tun_tap::iface::new("tun0", tun_tap::Mode::Tun)?;
[INFO] [stdout]   |                        ^^^^^ could not find `iface` in `tun_tap`
[INFO] [stdout] 
[INFO] [stdout] 
[INFO] [stdout] error[E0433]: failed to resolve: could not find `iface` in `tun_tap`
[INFO] [stdout]  --> src/main.rs:4:24
[INFO] [stdout]   |
[INFO] [stdout] 4 |     let nic = tun_tap::iface::new("tun0", tun_tap::Mode::Tun)?;
[INFO] [stdout]   |                        ^^^^^ could not find `iface` in `tun_tap`
[INFO] [stdout] 
[INFO] [stdout] 
[INFO] [stdout] error[E0277]: the size for values of type `[u8]` cannot be known at compilation time
[INFO] [stdout]    --> src/main.rs:7:5
[INFO] [stdout]     |
[INFO] [stdout] 7   |     eprintln!("read:{}, bytes:{:x}", num_bytes, buf[..num_bytes]);
[INFO] [stdout]     |     ^^^^^^^^^^^^^^^^^^^^^^^^^^^^^^^^^^^^^^^^^^^^^^^^^^^^^^^^^^^^^^ doesn't have a size known at compile-time
[INFO] [stdout]     |
[INFO] [stdout]     = help: the trait `Sized` is not implemented for `[u8]`
[INFO] [stdout]     = note: this error originates in a macro (in Nightly builds, run with -Z macro-backtrace for more info)
[INFO] [stdout] 
[INFO] [stdout] 
[INFO] [stdout] error[E0277]: the trait bound `[u8]: LowerHex` is not satisfied
[INFO] [stdout]  --> src/main.rs:7:49
[INFO] [stdout]   |
[INFO] [stdout] 7 |     eprintln!("read:{}, bytes:{:x}", num_bytes, buf[..num_bytes]);
[INFO] [stdout]   |                                                 ^^^^^^^^^^^^^^^^ the trait `LowerHex` is not implemented for `[u8]`
[INFO] [stdout]   |
[INFO] [stdout]   = note: required by `std::fmt::LowerHex::fmt`
[INFO] [stdout]   = note: this error originates in a macro (in Nightly builds, run with -Z macro-backtrace for more info)
[INFO] [stdout] 
[INFO] [stdout] 
[INFO] [stdout] error: aborting due to 3 previous errors
[INFO] [stdout] 
[INFO] [stdout] 
[INFO] [stdout] Some errors have detailed explanations: E0277, E0433.
[INFO] [stdout] 
[INFO] [stdout] For more information about an error, try `rustc --explain E0277`.
[INFO] [stdout] 
[INFO] [stdout] error[E0277]: the size for values of type `[u8]` cannot be known at compilation time
[INFO] [stdout]    --> src/main.rs:7:5
[INFO] [stdout]     |
[INFO] [stdout] 7   |     eprintln!("read:{}, bytes:{:x}", num_bytes, buf[..num_bytes]);
[INFO] [stdout]     |     ^^^^^^^^^^^^^^^^^^^^^^^^^^^^^^^^^^^^^^^^^^^^^^^^^^^^^^^^^^^^^^ doesn't have a size known at compile-time
[INFO] [stdout]     |
[INFO] [stdout]     = help: the trait `Sized` is not implemented for `[u8]`
[INFO] [stdout]     = note: this error originates in a macro (in Nightly builds, run with -Z macro-backtrace for more info)
[INFO] [stdout] 
[INFO] [stdout] 
[INFO] [stdout] error[E0277]: the trait bound `[u8]: LowerHex` is not satisfied
[INFO] [stdout]  --> src/main.rs:7:49
[INFO] [stdout]   |
[INFO] [stdout] 7 |     eprintln!("read:{}, bytes:{:x}", num_bytes, buf[..num_bytes]);
[INFO] [stdout]   |                                                 ^^^^^^^^^^^^^^^^ the trait `LowerHex` is not implemented for `[u8]`
[INFO] [stdout]   |
[INFO] [stdout]   = note: required by `std::fmt::LowerHex::fmt`
[INFO] [stdout]   = note: this error originates in a macro (in Nightly builds, run with -Z macro-backtrace for more info)
[INFO] [stdout] 
[INFO] [stdout] 
[INFO] [stdout] error: aborting due to 3 previous errors
[INFO] [stdout] 
[INFO] [stdout] 
[INFO] [stdout] Some errors have detailed explanations: E0277, E0433.
[INFO] [stdout] 
[INFO] [stdout] For more information about an error, try `rustc --explain E0277`.
[INFO] [stdout] 
[INFO] [stderr] error: could not compile `smh-tcp`.
[INFO] [stderr] 
[INFO] [stderr] To learn more, run the command again with --verbose.
[INFO] [stderr] warning: build failed, waiting for other jobs to finish...
[INFO] [stderr] error: build failed
[INFO] running `Command { std: "docker" "inspect" "74d6def8a5096a763aba3e6e2e4c978e9679b4c5cd3edc225303a12025b69cda", kill_on_drop: false }`
[INFO] running `Command { std: "docker" "rm" "-f" "74d6def8a5096a763aba3e6e2e4c978e9679b4c5cd3edc225303a12025b69cda", kill_on_drop: false }`
[INFO] [stdout] 74d6def8a5096a763aba3e6e2e4c978e9679b4c5cd3edc225303a12025b69cda
